factors of k.
2, 2441
Suppose 7*b = -s + 3*b - 24, 20 = -4*s + 3*b. What are the prime factors of (-5578)/s + (-42)/(-24) + -2?
17, 41
Suppose 23*v + 7527 = 33425. List the prime factors of v.
2, 563
Let b = 0 + -23. Let h be (42/(-35))/(3/12 - 715/2700). Let k = h + b. What are the prime factors of k?
2, 29
Let t = -2216 - -3439. Suppose -11*m - a = -6*m - 3051, 2*m + 3*a - t = 0. List the prime factors of m.
2, 5, 61
Suppose d + 3 - 1 = 3*s, -5*d = -3*s - 14. Suppose h = -r + 8, 4*r - h + d*h - 28 = 0. Suppose -r*i - 1 = -33. List the prime factors of i.
2
Let k(s) = 12*s**2 + 108*s + 120. List the prime factors of k(-18).
2, 3, 43
What are the prime factors of ((-396)/20)/(0 - (-10)/(-16650))?
3, 11, 37
Let j be (-2)/18 + (-620)/90. Let h(v) = -v**3 + 3*v**2 + 13*v + 6. List the prime factors of h(j).
3, 5
Suppose 4364 = 2*w - 4*n, -5733 = -4*w - 3*n + 2940. Let y = w + -1520. What are the prime factors of y?
2, 163
Let c(v) = -3*v**2 - 11*v + 29. Let m(k) = k**2 + 6*k - 15. Let g(s) = -2*c(s) - 5*m(s). Let i be g(5). Suppose 15 + 149 = i*l. What are the prime factors of l?
2, 41
Suppose -5*u = -3*r + 312, -9 = 2*u - 5*u. Suppose -936 = r*f - 113*f. What are the prime factors of f?
2, 3, 13
List the prime factors of (-362)/(-5 + 896/182).
2, 13, 181
Suppose -24*v + 20*v = -5*y - 8056, -2*v + 2*y + 4026 = 0. What are the prime factors of v?
7, 41
Let r be (14 - 440/32) + (-22)/(-8). Suppose d - 294 = -2*d. Let z = r + d. What are the prime factors of z?
101
Let q be 4 - (-12)/(-3) - -20. Let j = q + -14. Let r(u) = -u**3 + 6*u**2 + 8*u - 9. List the prime factors of r(j).
3, 13
Suppose -34*u - 25*u + 876091 = 0. What are the prime factors of u?
31, 479
Let a(z) = 237*z**2 - 11*z - 63. What are the prime factors of a(-6)?
3, 5, 569
Let u be (8 + -5 + -3)/1. Let f(m) = -m**3 + 2*m**2 - 9*m + 1178. What are the prime factors of f(u)?
2, 19, 31
Suppose 242*z = 5168640 - 215626. List the prime factors of z.
97, 211
Let c be 1834 + -3 + 10*(-1)/2. Suppose 0 = -4*h - 4*w + c + 334, 0 = 2*h - 5*w - 1087. List the prime factors of h.
541
Let j be 207/12 - (-30)/(-24). Suppose 0 = j*r - 4302 + 670. What are the prime factors of r?
227
Let k(u) = -3727*u - 178. List the prime factors of k(-3).
11003
Suppose -40 = 11*j - 15*j. List the prime factors of -5 + 14 + 7220/j.
17, 43
Let c = -51 - -51. Suppose 3*p + 21*p - 14472 = c. List the prime factors of p.
3, 67
Let u(o) = 1179*o**3 + 22*o**2 - 59*o + 18. What are the prime factors of u(2)?
2, 3, 5, 157
Let t = -10 - -6. Let d be t/10 - 1*17/(-5). Suppose -m = v + v - 30, -d*v = m - 43. What are the prime factors of v?
13
Suppose 2*c + 16 = -2*g - 3*g, 0 = -2*c + 2*g + 12. Suppose 636 = 5*v + 2*q + c*q, 5*q + 261 = 2*v. What are the prime factors of v?
2
Suppose -4*x + 5*i + 10 - 2 = 0, 0 = 5*x + 2*i - 10. Suppose f - x = 3, 3235 = 5*k - 5*f. List the prime factors of k.
2, 163
Let g(z) = 29*z**2 + z + 7. Let u(a) = a. Let b(h) = g(h) - 6*u(h). Suppose 3109*j - 3099*j - 20 = 0. List the prime factors of b(j).
113
Let o = 11639 - 8450. What are the prime factors of o?
3, 1063
Suppose 116*c - 604248 = 722445 - 144305. List the prime factors of c.
10193
Suppose -4*w = -2*o - 140, 0 = -0*o - 4*o + 5*w - 283. Let a = -106 - o. Let s = 7 - a. List the prime factors of s.
41
Suppose -l + 113 + 73 = 5*k, 0 = 4*k + 2*l - 150. Suppose 473*p = 476*p - 324. Let m = p - k. List the prime factors of m.
71
Let i(y) = -7*y - 39. Let t be i(-6). Suppose t*f - 2*j - 254 = 0, -4*f + 0*f = -3*j - 340. Suppose -6*x = -632 - f. What are the prime factors of x?
7, 17
Suppose 92 = r + 4*d - 19474, 4*d = -5*r + 97862. What are the prime factors of r?
2, 9787
Suppose 5*x + 5*n - 28313 = 10307, 4*n = 16. Let l be ((-2)/4)/((-5)/x). Suppose 4*w - l = -p + 19, -588 = -3*w + p. List the prime factors of w.
197
Let a(o) = -7*o + 37. Let i be a(5). Let s(v) = 334*v - 54. List the prime factors of s(i).
2, 307
What are the prime factors of 17/51 + (-20)/(-12) - (-1 - 27255)?
2, 3, 7, 11, 59
Let y(z) = 2*z**2 - 379*z + 1942. List the prime factors of y(0).
2, 971
Suppose -2*f = -5 - 15. Let z be 3*(-2)/(-5)*f/4. Suppose -4*o + 636 = 4*t, o - 107 = -z*t + 62. What are the prime factors of o?
2, 7, 11
Let n(o) = -o**2 - 20*o + 14. Let w = 80 - 73. Let c be (-2)/w + 16/7*-6. What are the prime factors of n(c)?
2, 7
Let u(r) = -r**2 - r - 17. Let l(a) = a**2 + a - 1. Let t(z) = 3*l(z) + u(z). Let m = -173 + 180. What are the prime factors of t(m)?
2, 23
Let s(c) be the second derivative of c**5/20 - 5*c**4/4 + 7*c**3/6 + 9*c**2/2 + 25*c + 7. Let l = 13 + 2. What are the prime factors of s(l)?
2, 3, 19
Suppose 0*i - 3*g - 43 = -i, 3*i - 4*g - 114 = 0. Let a be (-1)/8 - i/(-16). What are the prime factors of (1/a)/(545/270 + -2)?
3
Let s = -29379 + 69309. List the prime factors of s.
2, 3, 5, 11
Let n = -627 + 973. Suppose -n = -l - 125. List the prime factors of l.
13, 17
Let u(k) = 2*k**2 - 4*k - 58. Let w be u(-8). List the prime factors of 17/w - ((-6610)/12)/1.
19, 29
Suppose -2*b = 5*p - 7657, -13*b + 7669 = 5*p - 14*b. Suppose -6*w = -13*w + p. List the prime factors of w.
3, 73
Let j be (370/15)/(4/(-60)). Let y = j + 583. List the prime factors of y.
3, 71
Let h = 156 + 127. Let u = -141 + h. List the prime factors of u.
2, 71
Suppose 178*z - 175*z = -150552. What are the prime factors of z/(-374) + (-1)/(-11)*-2?
2, 67
Let c = 8125 - 5115. List the prime factors of c.
2, 5, 7, 43
Let y(w) = 1029*w + 212. List the prime factors of y(4).
2, 541
Let c be (1/(-1))/(9/(-15))*3. Let j be (139/10 - (-12)/(-24))*c. Let f = 132 - j. What are the prime factors of f?
5, 13
Let m = 158896 + -108992. What are the prime factors of m?
2, 3119
Let h(j) = -2*j**3 + 96*j**2 + 23*j - 227. What are the prime factors of h(34)?
11, 41, 73
Suppose -27*x + 29*x - 1928 = 0. Suppose x = 9*j - 134. List the prime factors of j.
2, 61
List the prime factors of (-1997831)/(-171) - (-6)/(-27).
7, 1669
Let p be (-181455)/(-90) + ((-1)/6 - 0). Suppose 2*o = 8*o - p. Suppose 126 - o = -3*k. What are the prime factors of k?
2, 5, 7
Let u(g) be the first derivative of -15*g**4/4 - g**3/3 + g**2 + 7*g + 336. Let j(o) = -o - 5. Let c be j(-3). List the prime factors of u(c).
7, 17
Let y = 2051 - -18578. What are the prime factors of y?
7, 421
Let z be -3 - 9/((-9)/5). Suppose 0 = -2*i - z*j + 472, 4*i + i + j = 1196. What are the prime factors of i?
2, 3, 5
Suppose 2*b = 53*b - 126786. What are the prime factors of b?
2, 11, 113
Suppose u + 3*u - 5*i = -690, -3*u = -3*i + 519. Let b = 5 - u. Suppose 2*r = 2*q - b, -5*q - 2*r + 275 = -168. List the prime factors of q.
89
Let t = 690 - 1153. Let i = t - -1410. List the prime factors of i.
947
Let b be ((-5648)/(-52))/4 - (-4)/(-26). Let j = b - 22. Suppose 2*a - 232 = -4*v, v - 148 = -2*v + j*a. List the prime factors of v.
2, 7
Suppose -37*z + 41*z = 16. Suppose -z*q + 790 = -2*q - 5*r, -4*r + 1162 = 3*q. What are the prime factors of q?
2, 3, 5, 13
Let h = 4651 - -33115. List the prime factors of h.
2, 23, 821
Let b = 236 - 238. List the prime factors of 1 + (b - -788)/6.
2, 3, 11
Let i(z) be the third derivative of 3/2*z**3 + 22*z**2 - 1/20*z**5 + 0*z + 3/8*z**4 + 0 - 1/120*z**6. What are the prime factors of i(-6)?
3, 7
Let p be (0 - -12)*(-14)/(-28). Suppose -32*g - 60 = -37*g. What are the prime factors of (p - g/3)*95?
2, 5, 19
Suppose 103*n - 11*n = 566352. What are the prime factors of n?
2, 3, 19
Let v = -857 + 864. Let m = -258 - -472. Suppose -5*f + m = 2*h, -v*f = -2*f. What are the prime factors of h?
107
Suppose b - 12*f - 18 = -13*f, f + 2 = 0. Suppose 5*p = -2*z + 1924, b*z = 4*p + 18*z - 1550. List the prime factors of p.
2, 193
Let t = 59696 + 1331. List the prime factors of t.
61027
Suppose 0 = m + 1 - 13. Let w be (-3)/(-9) + 152/m. Suppose t - w = 11. What are the prime factors of t?
2, 3
Suppose 61*m + 2201309 = 160*m + 839960. List the prime factors of m.
13751
Let o(u) = 4*u + 4*u + 5*u - 4*u - 4. What are the prime factors of o(10)?
2, 43
Let c be 10/(-30)*(-15)/1. Suppose 0 = -3*j + j - c*u + 35, 4*j - 4*u = 56. Let b(h) = 5*h - 25. List the prime factors of b(j).
2, 5
Suppose 155*u - 68440 - 2435651 + 242951 = 0. List the prime factors of u.
2, 7, 521
Let u(t) = -t - 24. Let d be u(-26). Su